
Suppose -64 = -27*d - 1225. Let i = 227 - 114. Let f = i + d. What are the prime factors of f?
2, 5, 7
Let c(j) be the third derivative of j**6/120 - j**5/60 - j**4/4 - 7*j**3/3 - 8*j**2. Let k be c(-6). Let l = -161 - k. What are the prime factors of l?
3, 23
Let g = -361 + 364. Suppose 0 = -2*i + g*p - 0*p + 475, -i - 3*p = -224. List the prime factors of i.
233
Suppose 0 = -12*u + 41 - 17. Suppose -3 = m, 2*m - 533 = -u*s + 509. What are the prime factors of s?
2, 131
Suppose 12 = -3*z + 4*q, 30 = -q + 33. Suppose 2*k - 3*f - 1312 = z, -10*f = 3*k - 5*f - 1930. What are the prime factors of k?
2, 5, 13
Let h(j) = -2*j**2 + 3*j**2 + 30 - 21*j - 2*j**2. Let c = -2166 - -2147. What are the prime factors of h(c)?
2, 17
Let t be -2*(-4 + (4 - (-1916)/(-8))). Suppose 5*n - t - 876 = 0. Suppose n = -3*o + 889. List the prime factors of o.
2, 103
Suppose 0 = -22*u + 440821 - 21677. What are the prime factors of u?
2, 11, 433
Suppose 3*x - 12 = 2*v - 4*v, 0 = 2*v + 2*x - 10. Let g = v - -694. Let s = -481 + g. What are the prime factors of s?
2, 3
Let n be (-3560)/(-45) + (-5)/45. Let k = -72 + n. What are the prime factors of k?
7
Let g(i) = -i**2 - 194*i - 123. What are the prime factors of g(-37)?
2, 2843
Let u be -1 + 1 - (1 + -3). Let s(f) = 33*f**3 + 9*f**2 + f - 17. Let i(k) = -16*k**3 - 4*k**2 + 8. Let x(y) = u*s(y) + 5*i(y). List the prime factors of x(-2).
2, 53
Let h = 584 + -1834. Let b = h - -1926. List the prime factors of b.
2, 13
Let t = 12256 + 5958. What are the prime factors of t?
2, 7, 1301
Let n(g) = -58*g**3 + 19*g**2 + 10*g + 9. List the prime factors of n(-7).
2, 29, 179
Suppose 42281 = 2*b + a, 2*b + 3*a - 23542 = 18741. What are the prime factors of b?
2, 5, 7, 151
Let m be 1895/(1 - -4) - (1 - 2). Suppose -3*r = -s + 82 - 16, -5*s + 5*r = -m. Let g = -18 + s. List the prime factors of g.
3, 7
Suppose -342618 + 19512578 = 328*i. What are the prime factors of i?
5, 11689
Let f(x) = x**3 - 7*x**2 - 15*x + 68. Let z be f(8). Suppose 7758 = z*n - 3*n. What are the prime factors of n?
2, 431
Let w(s) be the first derivative of 2*s**3/3 + 31*s**2/2 + 2*s + 28. List the prime factors of w(-20).
2, 7, 13
What are the prime factors of -2*(-7)/(-21) - (-614710)/15?
2, 3, 5, 683
Let u(z) = 281*z - 245. List the prime factors of u(11).
2, 1423
Suppose 0 = -4*v + 369 + 15. Let c(i) = i**3 - 82*i**2 + 457*i - 4. Let p be c(6). Let l = v + p. What are the prime factors of l?
2, 7
Suppose -18 = 4*c - 5*c. List the prime factors of (-1*(0 - -66))/(c/(-81)).
3, 11
What are the prime factors of (-25)/(275/(-2)) + (-40159)/(-11)?
3, 1217
Let f(r) = 0*r + 0*r**2 + 3*r + 2 + 1 - r**2. Let k be f(2). Suppose k*j - 220 = 3*s, -2*j + 7*j + s = 240. What are the prime factors of j?
47
Let x = 189 + -276. Let n = -82 - x. Suppose -n*d = 7*d - 144. List the prime factors of d.
2, 3
Let o(q) = -3*q**2 + 7*q + 14. Let l be o(-7). Let a = l - -598. What are the prime factors of a?
2, 13
Let x be 2/(-16) + (-2084591)/136. What are the prime factors of (-1)/(-4*(-4)/x)?
2, 479
Let i = 5527 + -3799. Let y = i - 238. What are the prime factors of y?
2, 5, 149
Suppose 6*c + 10 - 46 = 0. Suppose -5*d = -3*d - c. List the prime factors of 3/6*(37 - d).
17
What are the prime factors of 8/10*(21/(-15) - (-1367268)/120)?
2, 3, 7, 31
Let n be 80/(-15)*6/(-4). Suppose -n = 3*v - 5*v. Suppose -v*f + 398 + 154 = 0. What are the prime factors of f?
2, 3, 23
Suppose -20*v = -22*v + 4. Suppose -5*p - 30 = -5, 5*p = v*r - 1753. What are the prime factors of r?
2, 3
Suppose -8*p = -11*p + 3*d + 20715, 4*p - d = 27638. List the prime factors of p.
6911
Let j(q) = 4*q + 6. Let k be j(2). Suppose -z = -2*z - 2, z - k = -2*b. List the prime factors of -4*((-10)/b + -4).
3, 7
Let d be 11 + (2 + 0 - 1). Suppose -5*j + d = j. What are the prime factors of j/(-10) - (-3 + (-2730)/25)?
2, 7
Let h = 223 - 219. Suppose h*m + 5*p + 298 = 965, 2*m - 337 = p. What are the prime factors of m?
2, 3, 7
Suppose -299*k - 2970 = -296*k. Let f = -579 - k. List the prime factors of f.
3, 137
Let p = -824 + 1439. Let a = p + -355. List the prime factors of a.
2, 5, 13
Let u(d) = 4*d**2 + 4*d + 1. Let q be 9 - (-5 - -12) - 7. List the prime factors of u(q).
3
Suppose -3*m + 0*f + 110 = f, -2*m = 5*f - 95. Suppose -m*b + 52483 = -4*b. List the prime factors of b.
1693
Suppose 2 = 2*o - v, -v - 3 = -o - 4. Suppose -k = -o, z - 4*k = -2*z + 867. List the prime factors of z.
293
Let o(z) = -z**3 + 16*z**2 + 57*z + 4. Let j be o(19). Let q be 0 + 0 + 482/1. Suppose -u = -6*u + 20, -j*u - q = -3*n. What are the prime factors of n?
2, 83
Let h be (-38)/(-1) + -4 + 2. Let p be 7*3 - (-12 - -13). Let o = h - p. List the prime factors of o.
2
Suppose 4*y - 180 = -14*y. What are the prime factors of 4266/y - (-21)/(-35)?
2, 3, 71
Let s = -9350 + 16136. List the prime factors of s.
2, 3, 13, 29
Suppose -2*y - 8 + 44 = 0. Suppose y = -5*g + 8*g. What are the prime factors of (-2 + 42)/(3/g)?
2, 5
Suppose -5*h = -0*h + 4*h. Suppose h*z = 3*z - 99. Suppose -z = -l + 215. What are the prime factors of l?
2, 31
Let n(x) = 3733*x - 445. What are the prime factors of n(17)?
2, 7877
Let l = -5 + 19. Suppose l*i + 187 = 13*i. Let h = -108 - i. List the prime factors of h.
79
Let v be (-8*1/10)/(4/10). List the prime factors of 55 - -223 - (-6 - 1*v).
2, 3, 47
Let z be ((-62)/(-6))/(2/24). Suppose -220 = -6*r - z. What are the prime factors of r?
2
Let r(z) = 3*z**2 + 0*z**2 + 16 - 10*z - 17*z - 5*z**2. Let h be r(-14). What are the prime factors of (-24)/13 + h + 12618/117?
2, 3
Suppose -5*n - 52 = 3*c - 6*c, -3*c = -n - 20. Let a be 4/(48/9) - (-62)/n. Let q(g) = 5*g**2 - 4*g - 33. List the prime factors of q(a).
2, 3, 5
Suppose 0 = -3*b + 716 - 4031. Let g = b + 1587. List the prime factors of g.
2, 241
Suppose 2*h - 3*t = -3*h + 29, -2*h + 5*t = -23. Suppose -919 + 359 = -h*j. List the prime factors of j.
2, 5, 7
Let q(g) = g**2 + 778 - 774 + 4*g + 0*g**2. What are the prime factors of q(-6)?
2
Suppose -2*j - 8 = 10. Let q(i) = -12*i - 30. Let z be q(j). Suppose 0*o = -o - 5*s + 54, o = s + z. What are the prime factors of o?
2, 37
Let j = -231 - -231. List the prime factors of 486 - (j*(-3)/6 - -3).
3, 7, 23
Let t = 381 - 379. List the prime factors of ((-2)/(-8))/(t + 35466/(-17736)).
739
Let t(a) = 1527*a - 2661. List the prime factors of t(7).
2, 3, 223
Suppose 2*u - 9*u + 161 = 0. Suppose -5*k + w - u = 0, -9 = 6*k - 3*k + w. List the prime factors of k/(-10)*-1 - 2082/(-30).
3, 23
Let r = 5306 - 5011. Let x be (-12)/8*(-10)/3. Suppose x*z = 900 - r. What are the prime factors of z?
11
Let v(m) = 7485*m - 1372. List the prime factors of v(10).
2, 36739
Let o = 20 + 32. Let w = o - 49. Suppose 6*b + w*b = 468. List the prime factors of b.
2, 13
Suppose g - 3*m = 10869, 4*g + m + 10875 = 5*g. List the prime factors of g.
2, 3, 7, 37
Let i(a) = -a**2 - 8*a - 12. Let y be i(-5). Let h be y*(-2)/12*58. Let x = 73 + h. What are the prime factors of x?
2, 11
Suppose -2*p = -4*a + 58, -5*p + 8 = 3*a - 68. Suppose a*v - 1585 = 12*v. What are the prime factors of v?
317
Let k(b) = 2*b**2 - 101*b - 91. List the prime factors of k(-35).
2, 7, 421
Let w = 39 - 27. Suppose w*i - 16 = 8*i. List the prime factors of i.
2
Let s(v) = 21*v**2 + 26*v - 10. Let j be s(6). Let g = 53 + j. What are the prime factors of g?
5, 191
Let q(u) = u**3 - 62*u**2 + 183*u - 36. What are the prime factors of q(63)?
2, 3, 859
List the prime factors of -4714*9*((-168)/16 - -10).
3, 2357
Suppose 70*z - 731164 = 1172766. What are the prime factors of z?
59, 461
Let a be (-3510)/297 - (-4)/(-22). What are the prime factors of 11550/24 - (-4 + (-39)/a)?
2, 241
Suppose 3*n + 187 = 4*g, -5*n - 331 = -g + 4*g. Let f = -128 + 10. Let t = n - f. What are the prime factors of t?
53
What are the prime factors of (-3 + 17/(-3))/((-51)/294066)?
2, 13, 31
Suppose 0 = k + 3*v + 2356, -k - 820 - 1566 = -3*v. Let g = -1411 - k. Suppose -69*l = -64*l - g. List the prime factors of l.
2, 3
Let m = -23231 - -38325. What are the prime factors of m?
2, 7547
Let i(u) = u**3 + 10*u**2 - 11*u + 8. Let k be i(-11). Let o be (4/(k/(-2)) + -1)/(-1). What are the prime factors of o + (-32)/18 + 532/36?
3, 5
Suppose 1 = h + 3*l, -2*h + l - 11 = -h. Let j(d) = -d**3 - 